{"id":9,"date":"2025-12-08T18:44:59","date_gmt":"2025-12-08T17:44:59","guid":{"rendered":"https:\/\/distribuidoraindustrialyautomotriz.com\/index.php\/about\/"},"modified":"2026-02-18T08:49:12","modified_gmt":"2026-02-18T14:49:12","slug":"about","status":"publish","type":"page","link":"https:\/\/distribuidoraindustrialyautomotriz.com\/index.php\/about\/","title":{"rendered":"Quienes Somos"},"content":{"rendered":"<div class=\"wpb-content-wrapper\"><p>[vc_row][vc_column][vc_row_inner][vc_column_inner width=&#8221;1\/2&#8243;][vc_single_image image=&#8221;196&#8243; img_size=&#8221;full&#8221; css=&#8221;&#8221;][\/vc_column_inner][vc_column_inner width=&#8221;1\/2&#8243;][vc_column_text css=&#8221;&#8221;]Somos una empresa, basada en el valor y la buena relaci\u00f3n de confianza con nuestros clientes a tr\u00e1ves de nuestros servicios y productos, sumado a nuestro personal altamente calificados en asesor\u00eda y relaciones comerciales, abriendo nuestras puertas en junio del 2010 hemos podido suministrar repuestos automotrices en transporte liviano como pesado tanto en la ciudad como a nivel departamental y regional a tr\u00e1ves de marcas reconocidas y de prestigio como Koyo, Timken, Nachi, SHT, PLW, Optibelt, entre otras.[\/vc_column_text][vc_images_carousel images=&#8221;274,273,272,271,270,267,250,249,248,252,251&#8243; img_size=&#8221;full&#8221; onclick=&#8221;link_no&#8221; speed=&#8221;2000&#8243; slides_per_view=&#8221;4&#8243; autoplay=&#8221;yes&#8221; hide_pagination_control=&#8221;yes&#8221; hide_prev_next_buttons=&#8221;yes&#8221; wrap=&#8221;yes&#8221; css=&#8221;&#8221;][\/vc_column_inner][\/vc_row_inner][\/vc_column][\/vc_row]<\/p>\n<\/div>","protected":false},"excerpt":{"rendered":"<p>[vc_row][vc_column][vc_row_inner][vc_column_inner width=&#8221;1\/2&#8243;][vc_single_image image=&#8221;196&#8243; img_size=&#8221;full&#8221; css=&#8221;&#8221;][\/vc_column_inner][vc_column_inner width=&#8221;1\/2&#8243;][vc_column_text css=&#8221;&#8221;]Somos una empresa, basada en el valor y la buena relaci\u00f3n de confianza con nuestros clientes a tr\u00e1ves de nuestros servicios y productos, sumado a nuestro personal altamente calificados en asesor\u00eda y relaciones comerciales, abriendo nuestras puertas en junio del 2010 hemos podido suministrar repuestos automotrices en transporte liviano [&hellip;]<\/p>\n","protected":false},"author":1,"featured_media":0,"parent":0,"menu_order":0,"comment_status":"closed","ping_status":"closed","template":"full-width.php","meta":{"footnotes":""},"class_list":["post-9","page","type-page","status-publish","hentry"],"_links":{"self":[{"href":"https:\/\/distribuidoraindustrialyautomotriz.com\/index.php\/wp-json\/wp\/v2\/pages\/9","targetHints":{"allow":["GET"]}}],"collection":[{"href":"https:\/\/distribuidoraindustrialyautomotriz.com\/index.php\/wp-json\/wp\/v2\/pages"}],"about":[{"href":"https:\/\/distribuidoraindustrialyautomotriz.com\/index.php\/wp-json\/wp\/v2\/types\/page"}],"author":[{"embeddable":true,"href":"https:\/\/distribuidoraindustrialyautomotriz.com\/index.php\/wp-json\/wp\/v2\/users\/1"}],"replies":[{"embeddable":true,"href":"https:\/\/distribuidoraindustrialyautomotriz.com\/index.php\/wp-json\/wp\/v2\/comments?post=9"}],"version-history":[{"count":14,"href":"https:\/\/distribuidoraindustrialyautomotriz.com\/index.php\/wp-json\/wp\/v2\/pages\/9\/revisions"}],"predecessor-version":[{"id":282,"href":"https:\/\/distribuidoraindustrialyautomotriz.com\/index.php\/wp-json\/wp\/v2\/pages\/9\/revisions\/282"}],"wp:attachment":[{"href":"https:\/\/distribuidoraindustrialyautomotriz.com\/index.php\/wp-json\/wp\/v2\/media?parent=9"}],"curies":[{"name":"wp","href":"https:\/\/api.w.org\/{rel}","templated":true}]}}